tens digit of s?
1
Suppose 2*x - 36 - 60 = 0. Let a = -27 + x. What is the tens digit of a?
2
Let m be (-4)/(8/(-6)) + 9. Suppose 0 = -2*d - 2*r - m + 62, -5*r = d - 9. What is the units digit of d?
9
Suppose 177 = 3*g + 15. What is the units digit of g?
4
Let n be (12/18)/((-4)/(-54)). Suppose -n + 145 = 4*c. What is the tens digit of c?
3
What is the tens digit of (-116)/(-2) + (-4 - -3)?
5
Let o = -12 - 16. Suppose -5*x = -4*x + 4. What is the units digit of o/(-16) + (-1)/x?
2
Let p(j) be the second derivative of -11*j**3/6 - j**2/2 - j. Let w(r) = 11*r + 2. Let o(z) = 3*p(z) + 2*w(z). What is the units digit of o(-1)?
2
Let z = -16 - -21. Suppose -z*k = -6*k + 52. What is the tens digit of k?
5
Let p = 24 + -20. Let s(v) = v + 3. What is the units digit of s(p)?
7
Let s = -9 + 13. What is the units digit of (7/4 - -2)*s?
5
Let o(j) = -j**3 - 6*j**2 - 6*j - 3. Let n be o(-5). Suppose n*l - 5 = -41. What is the units digit of (l/4)/(1/(-2))?
9
Suppose -6 = -2*k + 2*o + 6, -3*k + 4*o + 17 = 0. Let v be -3 + 2/(-2)*-1. Let w = v + k. What is the units digit of w?
5
Suppose 0 = -i + 4 + 1. Suppose 9*m - 4*m = i. What is the units digit of m?
1
Suppose 3*n = -4*d + 8, -3*n + 6*n = 2*d + 14. Let z = -6 - -9. Let o = n - z. What is the units digit of o?
1
Suppose -4*b + 7 = 19. Let i = -7 - b. What is the units digit of (-1*2)/(2/i)?
4
Suppose -3 - 3 = 3*b + 3*m, 3*b + 2*m = -2. Let f = 14 - b. What is the units digit of f?
2
Suppose 0*s = -4*p - 3*s + 124, -84 = -2*p + 4*s. What is the tens digit of p?
3
Suppose -5*d + 0*d = -1090. What is the hundreds digit of d?
2
Suppose 0 = 5*f + p + 8, -5 = -2*f + f + 2*p. Let n be -3 - f*(-7)/(-1). Suppose -6*l + 2*l - 4 = -2*u, -24 = -n*u + 4*l. What is the units digit of u?
0
Suppose 229 = 4*q - 331. What is the units digit of q?
0
Suppose 4*b = -4 + 12. Let h be 7/b + (-15)/10. Suppose h*g = 2*q + 18, 0*g + 18 = 2*g + 2*q. What is the units digit of g?
9
Let o = 222 + -113. What is the units digit of o?
9
Let j(r) = 4*r**2 - r. Let b be j(-1). Suppose 0 = 4*o + n - 0*n - 7, b*n + 25 = 0. What is the units digit of o?
3
Let r = 125 + -46. What is the units digit of r?
9
Let z(b) = -23*b**2 - 2*b + 1. Let j be z(1). What is the units digit of j/(-4) + (0 - 0)?
6
Let h = 203 + -23. What is the units digit of 7/(28/h) - 0?
5
Let y = -137 - -237. What is the tens digit of y?
0
Let o(s) be the first derivative of -3*s**2 - 8*s + 10*s**2 - 2 - 3*s**2 - 5*s**2. What is the units digit of o(-10)?
2
Let s(u) = 10*u - 19. What is the units digit of s(13)?
1
Suppose -3*t + 472 = 4*x, 2*t - 3*x + 57 - 349 = 0. What is the tens digit of t?
5
Let b(g) = g**3 - 11*g**2 + 12*g - 2. What is the tens digit of b(10)?
1
Suppose 0 = 2*s - 2*z - 18, -5*z - 7 + 2 = 5*s. What is the units digit of s?
4
Suppose 0 = 8*n - 3*n - x - 54, -34 = -3*n - x. Suppose n = -3*q + 2. Let a = q - -5. What is the units digit of a?
2
Let u = 18 - 9. What is the units digit of u?
9
Suppose 4*i = -3*j - 14, 0*j - 2 = 4*i - 3*j. What is the tens digit of i - -1 - (-16 + -1)?
1
Suppose -428 = -4*r - 4*p, 4*r - 7*r + 329 = 5*p. What is the hundreds digit of r?
1
Let p = -6 - -11. Suppose -3*a + 56 = -p*v, 3*a - 3*v = -4*v + 50. What is the units digit of a?
7
Let k(m) = -m**2 - 13*m + 13. What is the units digit of k(-10)?
3
Suppose -2*c - 2*c = 3*r - 1618, -3*c + 4*r + 1226 = 0. What is the hundreds digit of c?
4
Let x(q) = -98*q**3 - 2*q**2 - 2*q. What is the units digit of x(-1)?
8
Suppose 5*i + 0*i - 20 = 0. Suppose 3*x - 6*x + 27 = 0. Suppose -i*d - x = -49. What is the tens digit of d?
1
Suppose 0 = 4*r - 30 + 10. Suppose 4*i - 3*z = 48, 4*z = 3*i - r*i + 46. Suppose -3*f = -i - 21. What is the tens digit of f?
1
Suppose 0 = -4*r + a + 8, 0 = -4*r - 0*r - a + 8. Suppose r*c + c = 75. Suppose k - 13 = -2*x, -4*x - 5*k + c = x. What is the units digit of x?
8
Let d = 5 + 23. What is the units digit of 376/d + (-9)/21?
3
Let r(a) = 43*a - 2. What is the units digit of r(1)?
1
Let s = 4 + -4. Suppose -3*r - 22 = -j, s = 5*r + 3*j - 19 + 51. Let p = r + 12. What is the units digit of p?
5
Let i(h) = h**2 - 12*h - 31. What is the units digit of i(16)?
3
Let p(z) = z + 1. Let n = 28 - 20. What is the units digit of p(n)?
9
Let q = 8 - 5. What is the units digit of q?
3
Let n = 72 + -53. What is the tens digit of n?
1
What is the units digit of 3/1*(-129)/(-9)?
3
Let b(d) = d**2 - 12*d - 25. What is the units digit of b(14)?
3
Let c = -2 + -2. Let x = c - -9. What is the units digit of x?
5
Let r = -114 + 163. What is the units digit of r?
9
Let l(v) = -10*v + 5. Let k(s) = 3*s - 1. Let c(x) = 9*k(x) + 2*l(x). Suppose 0*r + 8 = 4*r. What is the tens digit of c(r)?
1
What is the units digit of ((-8)/(-10))/((-8)/(-340))?
4
Let k(n) = n**3 - 7*n**2 + 14*n - 3. What is the units digit of k(5)?
7
Let d be 10/35 + (-256)/14. Let f = d + 29. What is the tens digit of f?
1
Suppose 20 = -2*w + 3*w. Suppose n = -4*n - w. What is the units digit of (-7 + -2)/(6/n)?
6
Let l = -14 + 39. What is the units digit of l?
5
Let d = -7 - -10. Suppose -4*v = 3*w - 24, 2*v - 3 = -4*w - 1. Suppose d*c - 2*c = v. What is the units digit of c?
9
Let c(h) = h. Let p be c(1). What is the units digit of 1/p*(0 - -8)?
8
What is the units digit of (22/(-165) - (-32)/15) + 7?
9
Suppose -5*b = 5, 3*m - 3*b = 3 + 6. Let l(w) = -w - w**2 - 2*w**2 + 4*w**m. What is the units digit of l(-3)?
2
Suppose 3*y - 26 = 2*n - 7*n, 3*n = -15. Let c = -6 + y. What is the tens digit of c?
1
Let k(p) = p**3 - 15*p**2 - 15*p + 5. What is the units digit of k(16)?
1
Suppose -5*z = a + 2*a - 145, 5*z - 65 = -a. Suppose 0*q = -2*q + a. What is the units digit of q?
0
Let f(y) = y + 10. Let l be f(-6). Let u be 6 + -3 - (-1 + l). Suppose 3*r + 6 = 2*r + 2*n, u = -r + 5*n - 21. What is the units digit of r?
4
Let n = 35 - -45. What is the tens digit of n?
8
Let z(p) = -3*p - p**2 + 2 + p**2 - p**2. Suppose -5*i - 7 - 8 = 0. What is the units digit of z(i)?
2
Let w(q) = -2*q**3 - 4*q**2 + q + 6. Let r(g) = -2*g**3 - 5*g**2 + g + 7. Let s = 23 - 16. Let i(f) = s*w(f) - 6*r(f). What is the units digit of i(-1)?
3
Let y(a) = -a**2 - 2*a + 4. Let l be y(-3). Suppose 2*c + l = 3. Let u = c - -4. What is the units digit of u?
5
Let h be ((-114)/(-2) - -1) + -2. Suppose -4*v = 4*z - h, -4*v = -0*v - 2*z - 62. What is the units digit of v?
5
Suppose 2*d = -93 + 885. What is the units digit of d?
6
What is the tens digit of -3 + 60/16 - (-3459)/12?
8
Let z be (-11)/5 + 9/45. What is the units digit of 174/8 + z/(-8)?
2
Let j = 54 - 12. What is the tens digit of j?
4
Suppose 6*j = -131 + 359. What is the tens digit of j?
3
Let o(y) = -y**2 + 5*y + 2. Let x(g) = g**3 + 5*g**2 - 2*g - 5. Let b be x(-5). Let a be o(b). Suppose n - a + 0 = 0. What is the units digit of n?
2
Let j(i) = -5*i + 2. Let d be j(-3). Let b = d + -7. What is the units digit of b?
0
What is the units digit of 4/(-6)*(-28 - -1)?
8
Suppose 4*v - 58 = 3*c - 0*v, -5*v + 6 = c. Let q = 1 - c. What is the tens digit of q?
1
Let m(i) = -i**3 - i**2. Let x be m(-2). Suppose 30 = x*t + t. What is the units digit of ((-22)/(-3))/(4/t)?
1
Let h be (-2)/(-8)*9*220. Suppose h = 6*j - j. Suppose -j = -4*c + 3*n - 32, -2*c + 46 = -4*n. What is the units digit of c?
3
Suppose -2*z + 545 = 5*w, -4*z + 4*w - w = -1103. What is the hundreds digit of z?
2
Let y(u) = u**2 - 1 + 3 - 2*u**2 + 6*u. Let j(r) = 2*r**2 + 4*r. Let z be j(-3). What is the units digit of y(z)?
2
Suppose 3*a = 3*z - 156, 8 = -2*a - 0*a. Suppose l + 38 = s, -5*l + 0 = 2*s - z. What is the tens digit of s?
3
Let v(x) = 378*x**2 + x + 1. What is the tens digit of v(1)?
8
Let n be 7/(-14) - 7/(-2). What is the tens digit of n + 1*(-13)/(-1)?
1
Suppose 0 = 5*t - 5*m - 300, 4*t - 128 - 100 = m. What is the tens digit of t?
5
What is the units digit of (-1)/4 + (1097/4 - 7)?
7
Suppose -4*z = o - 79, 8*z = 3*z - 5*o + 80. What is the units digit of z?
1
Let l = 55 + -7. What is the tens digit of l?
4
Let z(o) be the second derivative of 10*o**3/3 - 5*o**2/2 - o. What is the units digit of z(2)?
5
Suppose 2*p + 4*z + 20 = 0, 0 = p + 3*z + 5. Let s(b) = -2*b**3 + 4*b**2 + 3*b + 5. Let d be s(6). What is the tens digit of d/p - (-2)/(-8)?
1
What is the units digit of ((-4)/6 - -1)*(-25281)/(-53)